{"id":322,"date":"2019-02-15T19:02:06","date_gmt":"2019-02-15T19:02:06","guid":{"rendered":"http:\/\/boerderijdepavijen.nl\/?page_id=322"},"modified":"2020-01-13T16:10:02","modified_gmt":"2020-01-13T16:10:02","slug":"wentelteefjes","status":"publish","type":"page","link":"http:\/\/boerderijdepavijen.nl\/?page_id=322","title":{"rendered":"Wentelteefjes"},"content":{"rendered":"\n<p><strong>Wentelteefjes wie\nkent ze niet? Het is een heerlijke zoete lekkernij voor als ontbijt of lunch. <\/strong><\/p>\n\n\n\n<p>Wat heb je er voor nodig:<\/p>\n\n\n\n<ul class=\"wp-block-list\"><li>2 eieren<\/li><li>250ml rauwe melk<\/li><li>Kaneel<\/li><li>Suiker naar eigen smaak<\/li><li>Ongeveer 70gram boter<\/li><li>8 sneetjes oud wit brood<\/li><\/ul>\n\n\n\n<p>Hoe te bereiden:<\/p>\n\n\n\n<ul class=\"wp-block-list\"><li>Klop de eieren in een diep bord of ovenschaal los<\/li><li>Voeg de melk en suiker aan het eimengsel<\/li><li>Leg \u00e9\u00e9n sneetje brood even in het ei\/ melkmengsel en leg hem op een bord<\/li><li>Doe dit met alle sneetjes brood en stapel de sneetjes brood op elkaar<\/li><li>Schenk het eimengsel wat over is, over de stapel met brood en laat het een paar minuten staan<\/li><li>Verhit in een koekenpan een klontje boter<\/li><li>Zodra de boter gesmolten is kun je \u00e9\u00e9n \u00e0 twee sneetjes brood in de koekenpan doen<\/li><li>Bak ongeveer 1 minuut per kant en draai de wentelteefjes een paar keer om<\/li><li>Serveer de wentelteefjes met beetje suiker en kaneel<\/li><li>Eetsmakelijk!!!<\/li><\/ul>\n","protected":false},"excerpt":{"rendered":"<p>Wentelteefjes wie kent ze niet? Het is een heerlijke zoete lekkernij voor als ontbijt of lunch. Wat heb je er voor nodig: 2 eieren 250ml rauwe melk Kaneel Suiker naar eigen smaak Ongeveer 70gram boter 8 sneetjes oud wit brood Hoe te bereiden: Klop de eieren in een diep bord of ovenschaal los Voeg de&#8230;<\/p>\n","protected":false},"author":1,"featured_media":535,"parent":260,"menu_order":2,"comment_status":"closed","ping_status":"closed","template":"","meta":{"footnotes":""},"class_list":["post-322","page","type-page","status-publish","has-post-thumbnail","hentry"],"_links":{"self":[{"href":"http:\/\/boerderijdepavijen.nl\/index.php?rest_route=\/wp\/v2\/pages\/322","targetHints":{"allow":["GET"]}}],"collection":[{"href":"http:\/\/boerderijdepavijen.nl\/index.php?rest_route=\/wp\/v2\/pages"}],"about":[{"href":"http:\/\/boerderijdepavijen.nl\/index.php?rest_route=\/wp\/v2\/types\/page"}],"author":[{"embeddable":true,"href":"http:\/\/boerderijdepavijen.nl\/index.php?rest_route=\/wp\/v2\/users\/1"}],"replies":[{"embeddable":true,"href":"http:\/\/boerderijdepavijen.nl\/index.php?rest_route=%2Fwp%2Fv2%2Fcomments&post=322"}],"version-history":[{"count":3,"href":"http:\/\/boerderijdepavijen.nl\/index.php?rest_route=\/wp\/v2\/pages\/322\/revisions"}],"predecessor-version":[{"id":533,"href":"http:\/\/boerderijdepavijen.nl\/index.php?rest_route=\/wp\/v2\/pages\/322\/revisions\/533"}],"up":[{"embeddable":true,"href":"http:\/\/boerderijdepavijen.nl\/index.php?rest_route=\/wp\/v2\/pages\/260"}],"wp:featuredmedia":[{"embeddable":true,"href":"http:\/\/boerderijdepavijen.nl\/index.php?rest_route=\/wp\/v2\/media\/535"}],"wp:attachment":[{"href":"http:\/\/boerderijdepavijen.nl\/index.php?rest_route=%2Fwp%2Fv2%2Fmedia&parent=322"}],"curies":[{"name":"wp","href":"https:\/\/api.w.org\/{rel}","templated":true}]}}